es 59 divide 469?
False
Does 10 divide 2370?
True
Is 571 a multiple of 9?
False
Is 12 a factor of 6420?
True
Does 94 divide 2316?
False
Does 27 divide 1107?
True
Is 4775 a multiple of 25?
True
Is 14 a factor of 3346?
True
Is 23 a factor of 19159?
True
Does 107 divide 3868?
False
Does 61 divide 2440?
True
Is 7 a factor of 3172?
False
Does 17 divide 87213?
False
Is 57 a factor of 456?
True
Does 3 divide 10641?
True
Does 9 divide 504?
True
Is 153 a factor of 5661?
True
Is 105 a factor of 3675?
True
Is 7 a factor of 3081?
False
Is 48870 a multiple of 90?
True
Is 7344 a multiple of 48?
True
Is 676 a multiple of 19?
False
Does 12 divide 17911?
False
Is 59620 a multiple of 85?
False
Is 2390 a multiple of 6?
False
Is 29754 a multiple of 38?
True
Does 5 divide 3882?
False
Is 5495 a multiple of 29?
False
Is 809 a multiple of 43?
False
Is 4688 a multiple of 136?
False
Does 9 divide 45772?
False
Is 129 a factor of 42820?
False
Is 45276 a multiple of 77?
True
Does 159 divide 7632?
True
Is 3959 a multiple of 18?
False
Does 57 divide 9477?
False
Is 904 a multiple of 16?
False
Is 5 a factor of 297?
False
Is 47481 a multiple of 147?
True
Does 13 divide 455?
True
Is 667 a multiple of 29?
True
Is 480 a multiple of 21?
False
Is 10269 a multiple of 143?
False
Is 4 a factor of 22408?
True
Is 11 a factor of 1300?
False
Is 3016 a multiple of 29?
True
Is 23 a factor of 671?
False
Is 14 a multiple of 7?
True
Is 31 a factor of 992?
True
Does 124 divide 1612?
True
Does 12 divide 468?
True
Is 35 a multiple of 8?
False
Is 39 a factor of 2652?
True
Does 47 divide 60536?
True
Is 20 a factor of 22360?
True
Is 9 a factor of 252?
True
Is 17 a factor of 3502?
True
Is 5 a factor of 221?
False
Is 793 a multiple of 27?
False
Does 50 divide 11750?
True
Is 289 a multiple of 16?
False
Is 21000 a multiple of 56?
True
Is 3030 a multiple of 15?
True
Is 1972 a multiple of 58?
True
Is 16 a factor of 7708?
False
Does 72 divide 6750?
False
Does 31 divide 1228?
False
Does 14 divide 1148?
True
Is 2507 a multiple of 109?
True
Is 4 a factor of 253?
False
Does 133 divide 2261?
True
Does 21 divide 769?
False
Is 12 a factor of 3093?
False
Is 3920 a multiple of 14?
True
Is 58 a factor of 6612?
True
Does 65 divide 2665?
True
Is 2 a factor of 80?
True
Is 158 a multiple of 4?
False
Is 4146 a multiple of 10?
False
Is 8 a factor of 1680?
True
Is 330 a multiple of 15?
True
Is 770 a multiple of 45?
False
Is 36725 a multiple of 12?
False
Does 67 divide 80668?
True
Is 112 a multiple of 7?
True
Is 1033 a multiple of 7?
False
Is 14 a factor of 78758?
False
Is 12 a factor of 9584?
False
Is 7488 a multiple of 104?
True
Is 2997 a multiple of 27?
True
Is 2709 a multiple of 43?
True
Does 7 divide 1407?
True
Does 10 divide 3666?
False
Does 40 divide 880?
True
Is 12312 a multiple of 24?
True
Is 6541 a multiple of 72?
False
Is 990 a multiple of 18?
True
Is 45 a factor of 1170?
True
Does 20 divide 386?
False
Does 37 divide 851?
True
Is 1098 a multiple of 90?
False
Does 12 divide 39318?
False
Is 171 a factor of 26163?
True
Does 6 divide 384?
True
Is 2030 a multiple of 14?
True
Is 5 a factor of 502?
False
Is 16 a factor of 5536?
True
Is 11417 a multiple of 49?
True
Is 138 a factor of 16974?
True
Is 1014 a multiple of 39?
True
Is 71 a factor of 8719?
False
Does 32 divide 736?
True
Does 107 divide 1926?
True
Does 35 divide 49140?
True
Is 1421 a multiple of 33?
False
Does 10 divide 120?
True
Does 12 divide 9324?
True
Is 10 a factor of 190?
True
Is 743 a multiple of 64?
False
Is 14 a factor of 98?
True
Is 57 a multiple of 2?
False
Is 1240 a multiple of 40?
True
Does 2 divide 536?
True
Does 24 divide 4968?
True
Is 1063 a multiple of 4?
False
Does 55 divide 275?
True
Is 27135 a multiple of 15?
True
Is 11 a factor of 2354?
True
Is 18 a factor of 936?
True
Is 1562 a multiple of 31?
False
Is 100 a factor of 13710?
False
Does 37 divide 11020?
False
Is 6 a factor of 2002?
False
Does 47 divide 2115?
True
Does 4 divide 346?
False
Is 24 a factor of 2088?
True
Is 23 a factor of 32?
False
Is 22 a factor of 2794?
True
Is 7475 a multiple of 23?
True
Is 16946 a multiple of 55?
False
Is 691 a multiple of 16?
False
Does 11 divide 99?
True
Does 11 divide 89694?
True
Is 29 a factor of 517?
False
Is 17 a factor of 172?
False
Is 161 a factor of 31135?
False
Is 676 a multiple of 13?
True
Is 1560 a multiple of 13?
True
Does 5 divide 45?
True
Does 13 divide 6487?
True
Is 19537 a multiple of 142?
False
Is 100332 a multiple of 18?
True
Is 1430 a multiple of 9?
False
Is 19017 a multiple of 19?
False
Does 21 divide 9787?
False
Does 19 divide 28690?
True
Is 7860 a multiple of 43?
False
Is 4273 a multiple of 27?
False
Is 1649 a multiple of 40?
False
Is 1693 a multiple of 6?
False
Is 25 a factor of 10300?
True
Does 103 divide 1774?
False
Is 204 a multiple of 3?
True
Does 126 divide 527?
False
Is 2208 a multiple of 12?
True
Is 4 a factor of 276?
True
Is 117 a multiple of 6?
False
Is 20 a factor of 206?
False
Is 1231 even?
False
Does 127 divide 4215?
False
Does 86 divide 12814?
True
Is 4 a factor of 8772?
True
Is 25 a factor of 1141?
False
Is 1596 a multiple of 38?
True
Is 9581 a multiple of 67?
True
Does 46 divide 1058?
True
Is 220 a multiple of 4?
True
Is 508 a multiple of 4?
True
Is 6 a factor of 38209?
False
Does 9 divide 4814?
False
Does 5 divide 1840?
True
Is 27 a factor of 998?
False
Is 11427 a multiple of 34?
False
Is 2228 a multiple of 95?
False
Is 117 a factor of 20943?
True
Is 7 a factor of 1747?
False
Is 28 a factor of 442?
False
Is 88 a factor of 46167?
False
Does 3 divide 322?
False
Does 48 divide 96?
True
Is 55 a factor of 275?
True
Is 27 a factor of 792?
False
Does 16 divide 3882?
False
Is 890 a multiple of 9?
False
Does 11 divide 333?
False
Is 10674 a multiple of 9?
True
Is 1692 a multiple of 12?
True
Is 58 a factor of 1541?
False
Does 39 divide 1521?
True
Does 31 divide 3534?
True
Is 38 a factor of 9120?
True
Is 4794 a multiple of 34?
True
Is 58 a multiple of 29?
True
Does 6 divide 447?
False
Does 15 divide 158850?
True
Does 115 divide 50608?
False
Is 16417 a multiple of 101?
False
Is 762 a multiple of 32?
False
Does 22 divide 7018?
True
Is 92 a factor of 278?
False
Is 18648 a multiple of 56?
True
Is 6 a factor of 459?
False
Is 9 a factor of 1674?
True
Is 216 a multiple of 36?
True
Is 39 a factor of 3210?
False
Is 350 a multiple of 7?
True
Does 31 divide 19513?
False
Is 35 a factor of 8031?
False
Does 69 divide 3127?
False
Is 23 a factor of 1243?
False
Does 43 divide 989?
True
Is 1234 a multiple of 27?
False
Is 51220 a multiple of 17?
False
Does 10 divide 230?
True
Does 68 divide 1292?
True
Is 8 a factor of 1360?
True
Is 15 a factor of 52995?
True
Is 1528 a multiple of 42?
False
Is 498 a multiple of 7?
False
Is 16 a factor of 1481?
False
Does 2 divide 611?
False
Is 12 a factor of 388?
False
Is 151 a multiple of 24?
False
Does 133 divide 17955?
True
Does 109 divide 85130?
False
Is 10 a factor of 269?
False
Is 13 a factor of 32525?
False
Is 240 a multiple of 12?
True
Is 195 a multiple of 65?
True
Is 7 a factor of 63?
True
Is 1000 a multiple of 20?
True
Is 315 a multiple of 5?
True
Does 39 divide 429?
True
Is 1536 a multiple of 64?
True
Is 13 a factor of 26?
True
Is 3 a factor of 62?
False
Does 20 divide 1166?
False
Is 51 a factor of 934?
False
Does 61 divide 1240?
False
Does 57 divide 1103?
False
Is 2232 a multiple of 24?
True
Is 61 a factor of 1345?
False
Is 11968 a multiple of 32?
True
Does 11 divide 17061?
True
Is 28 a factor of 150?
False
Is 8965 a multiple of 11?
True
Is 37 a factor of 8917?
True
Is 68 a factor of 2516?
True
Is 213 a factor of 18105?
True
Is 16 a factor of 40256?
True
Is 9 a factor of 26046?
True
Does 15 divide 7337?
False
Does 22 divide 18150?
True
Is 37 a factor of 5503?
False
Does 159 divide 8586?
True
Is 55845 a multiple of 85?
True
Does 20 divide 381?
False
Does 12 divide 576?
True
Does 77 divide 1843?
False
Is 22 a factor of 17146?
False
Is 6227 a multiple of 61?
False
Is 875 a multiple of 9?
False
Is 15 a factor of 2460?
True
Does 8 divide 3104?
True
Does 7 divide 174?
False
Is 97 a factor of 2910?
True
Is 658 a multiple of 47?
True
Does 8 divide 11680?
True
Does 31 divide 1723?
False
Does 2 divide 1182?
True
Is 114 a factor of 95487?
False
Is 49 a factor of 245?
True
Is 16 a factor of 58?
False
Is 11 a fact